{"id":14,"date":"2014-10-29T22:37:45","date_gmt":"2014-10-29T21:37:45","guid":{"rendered":"http:\/\/www.3koenixcross.at\/?page_id=14"},"modified":"2024-12-15T19:47:45","modified_gmt":"2024-12-15T18:47:45","slug":"sponsoren","status":"publish","type":"page","link":"https:\/\/www.3koenixcross.at\/?page_id=14","title":{"rendered":"Sponsoren"},"content":{"rendered":"<p>Wir danken unseren Partnern und Sponsoren!<\/p>\n<p style=\"text-align: center;\"><a href=\"https:\/\/www.sportlandnoe.at\" target=\"_blank\" rel=\"noopener\"><img loading=\"lazy\" decoding=\"async\" class=\"alignnone wp-image-1265 size-full\" src=\"http:\/\/www.3koenixcross.at\/wp-content\/sportland_noe.gif\" alt=\"Sportland Nieder\u00f6sterreich\" width=\"200\" height=\"52\" \/><\/a><a title=\"Weidm\u00fcller \u00d6sterreich\" href=\"http:\/\/www.weidmueller.at\" target=\"_blank\" rel=\"noopener\"><img loading=\"lazy\" decoding=\"async\" class=\"size-full wp-image-112 alignnone\" src=\"http:\/\/www.3koenixcross.at\/wp-content\/hintergrund-80x40.gif\" alt=\"hintergrund_80x40\" width=\"80\" height=\"40\" \/><\/a><a title=\"\" href=\"https:\/\/www.sparkasse.at\/noe\/privatkunden\" target=\"_blank\" rel=\"noopener\"><img loading=\"lazy\" decoding=\"async\" class=\"alignnone wp-image-2960 size-full\" src=\"http:\/\/www.3koenixcross.at\/wp-content\/spk-noemittewest_special_screen.gif\" alt=\"\" width=\"200\" height=\"69\" \/><\/a><\/p>\n<p style=\"text-align: center;\">\n<p style=\"text-align: center;\"><a title=\"H+P Engineering\" href=\"http:\/\/www.hp-engineering.at\" target=\"_blank\" rel=\"noopener\"><br \/>\n<\/a><a title=\"H+P Engineering\" href=\"https:\/\/egger-bier.at\" target=\"_blank\" rel=\"noopener\"><img loading=\"lazy\" decoding=\"async\" class=\"alignnone wp-image-1900 size-full\" title=\"Egger Bier\" src=\"http:\/\/www.3koenixcross.at\/wp-content\/egger.gif\" alt=\"\" width=\"200\" height=\"100\" \/><img loading=\"lazy\" decoding=\"async\" class=\"alignnone size-full wp-image-112\" src=\"http:\/\/www.3koenixcross.at\/wp-content\/hintergrund-80x40.gif\" alt=\"hintergrund_80x40\" width=\"80\" height=\"40\" \/><\/a><a href=\"https:\/\/www.grannys.at\" target=\"_blank\" rel=\"noopener\"><img loading=\"lazy\" decoding=\"async\" class=\"alignnone wp-image-1901 size-full\" title=\"Granny's Apfelsaft g'spritzt\" src=\"http:\/\/www.3koenixcross.at\/wp-content\/grannys.gif\" alt=\"\" width=\"200\" height=\"84\" \/><\/a><\/p>\n<p style=\"text-align: center;\"><a title=\"H+P Engineering\" href=\"http:\/\/www.hp-engineering.at\" target=\"_blank\" rel=\"noopener\"><img loading=\"lazy\" decoding=\"async\" class=\"alignnone size-full wp-image-17\" src=\"http:\/\/www.3koenixcross.at\/wp-content\/h-p.gif\" alt=\"Haydn\" width=\"200\" height=\"69\" \/><img loading=\"lazy\" decoding=\"async\" class=\"alignnone size-full wp-image-112\" src=\"http:\/\/www.3koenixcross.at\/wp-content\/hintergrund-80x40.gif\" alt=\"hintergrund_80x40\" width=\"80\" height=\"40\" \/><\/a><a href=\"http:\/\/www.radshop-kalteis.at\" target=\"_blank\" rel=\"noopener\"><img loading=\"lazy\" decoding=\"async\" class=\"alignnone wp-image-29 size-full\" title=\"Radshop Kalteis\" src=\"http:\/\/www.3koenixcross.at\/wp-content\/kalteis.gif\" alt=\"\" width=\"200\" height=\"161\" \/><\/a><\/p>\n<p style=\"text-align: center;\"><a title=\"Mautner Markhof\" href=\"http:\/\/www.mautner.at\" target=\"_blank\" rel=\"noopener\"><img loading=\"lazy\" decoding=\"async\" class=\"alignnone wp-image-807 size-full\" title=\"Mautner Markhof\" src=\"http:\/\/www.3koenixcross.at\/wp-content\/MM_Logo_1841_3D.gif\" alt=\"\" width=\"200\" height=\"54\" \/><\/a><a title=\"Weidm\u00fcller \u00d6sterreich\" href=\"https:\/\/www.evn.at\/Privatkunden.aspx\" target=\"_blank\" rel=\"noopener\"><img loading=\"lazy\" decoding=\"async\" class=\"size-full wp-image-112 alignnone\" src=\"http:\/\/www.3koenixcross.at\/wp-content\/hintergrund-80x40.gif\" alt=\"hintergrund_80x40\" width=\"80\" height=\"40\" \/><img loading=\"lazy\" decoding=\"async\" class=\"alignnone wp-image-30 size-full\" title=\"EVN\" src=\"http:\/\/www.3koenixcross.at\/wp-content\/EVN.gif\" alt=\"\" width=\"200\" height=\"27\" \/><\/a><\/p>\n<p style=\"text-align: center;\"><a title=\"EDV - Beratung - Service - Verkauf - Michael MOSER\" href=\"http:\/\/www.michael-moser.at\/\" target=\"_blank\" rel=\"noopener\">\u00a0<\/a><\/p>\n<ul>\n<li>\u00a0<a href=\"http:\/\/www.tondach.at\/Service\/Vertriebspartner-Suche\/EU-DACH\" target=\"_blank\" rel=\"noopener\">EU-Dach<\/a><\/li>\n<li><a href=\"http:\/\/www.stapler-makoditsch.at\/?page_id=22\" target=\"_blank\" rel=\"noopener\">Stapler Makoditsch<\/a><\/li>\n<li><a href=\"http:\/\/www.muckenkogel.at\/gastronomie.php\" target=\"_blank\" rel=\"noopener\">Almgasthof KLOSTERALM<\/a><\/li>\n<\/ul>\n<p>Gerne geben wir Ihnen die M\u00f6glichkeiten ihr Unternehmen einer breiten \u00d6ffentlichkeit zu pr\u00e4sentieren.<\/p>\n<p>Wir sind auch gerne bereit ihre individuellen Ideen zu verwirklichen. Unsere Flexibilit\u00e4t kommt ihnen diesbez\u00fcglich entgegen.<\/p>\n<p>Falls sie mehr \u00fcber Sponsoring beim 3K\u00f6niXcrosS\u00a0wissen m\u00f6chten\u00a0<a title=\"Kontakt\" href=\"http:\/\/www.3koenixcross.at\/?page_id=67\">kontaktieren<\/a>\u00a0sie uns, damit wir Sie prompt und individuell informieren k\u00f6nnen.<\/p>\n","protected":false},"excerpt":{"rendered":"<p>Wir danken unseren Partnern und Sponsoren! \u00a0 \u00a0EU-Dach Stapler Makoditsch Almgasthof KLOSTERALM Gerne geben wir Ihnen die M\u00f6glichkeiten ihr Unternehmen einer breiten \u00d6ffentlichkeit zu pr\u00e4sentieren. Wir sind auch gerne bereit ihre individuellen Ideen zu verwirklichen. Unsere Flexibilit\u00e4t kommt ihnen diesbez\u00fcglich entgegen. Falls sie mehr \u00fcber Sponsoring beim 3K\u00f6niXcrosS\u00a0wissen m\u00f6chten\u00a0kontaktieren\u00a0sie uns,\u2026<\/p>\n<p class=\"continue-reading-button\"> <a class=\"continue-reading-link\" href=\"https:\/\/www.3koenixcross.at\/?page_id=14\">Continue reading<i class=\"crycon-right-dir\"><\/i><\/a><\/p>\n","protected":false},"author":1,"featured_media":0,"parent":59,"menu_order":0,"comment_status":"closed","ping_status":"open","template":"","meta":{"footnotes":""},"class_list":["post-14","page","type-page","status-publish","hentry"],"_links":{"self":[{"href":"https:\/\/www.3koenixcross.at\/index.php?rest_route=\/wp\/v2\/pages\/14","targetHints":{"allow":["GET"]}}],"collection":[{"href":"https:\/\/www.3koenixcross.at\/index.php?rest_route=\/wp\/v2\/pages"}],"about":[{"href":"https:\/\/www.3koenixcross.at\/index.php?rest_route=\/wp\/v2\/types\/page"}],"author":[{"embeddable":true,"href":"https:\/\/www.3koenixcross.at\/index.php?rest_route=\/wp\/v2\/users\/1"}],"replies":[{"embeddable":true,"href":"https:\/\/www.3koenixcross.at\/index.php?rest_route=%2Fwp%2Fv2%2Fcomments&post=14"}],"version-history":[{"count":96,"href":"https:\/\/www.3koenixcross.at\/index.php?rest_route=\/wp\/v2\/pages\/14\/revisions"}],"predecessor-version":[{"id":2961,"href":"https:\/\/www.3koenixcross.at\/index.php?rest_route=\/wp\/v2\/pages\/14\/revisions\/2961"}],"up":[{"embeddable":true,"href":"https:\/\/www.3koenixcross.at\/index.php?rest_route=\/wp\/v2\/pages\/59"}],"wp:attachment":[{"href":"https:\/\/www.3koenixcross.at\/index.php?rest_route=%2Fwp%2Fv2%2Fmedia&parent=14"}],"curies":[{"name":"wp","href":"https:\/\/api.w.org\/{rel}","templated":true}]}}