{"id":1717,"date":"2018-10-16T21:08:19","date_gmt":"2018-10-16T20:08:19","guid":{"rendered":"http:\/\/www.3koenixcross.at\/?page_id=1717"},"modified":"2019-01-07T12:49:27","modified_gmt":"2019-01-07T11:49:27","slug":"ergebnisse-2019","status":"publish","type":"page","link":"https:\/\/www.3koenixcross.at\/?page_id=1717","title":{"rendered":"Ergebnisse 2019"},"content":{"rendered":"<p>&nbsp;<\/p>\n<ul>\n<li><a href=\"http:\/\/www.3koenixcross.at\/?page_id=1844\">Rennen 1 \u2013 Kids Bike Trophy<\/a><\/li>\n<li><a href=\"http:\/\/www.3koenixcross.at\/?page_id=1847\">Rennen 2 \u2013 U15, U13, M\u00e4dchen U17, M\u00e4dchen U14, \u00d6RV Jugend-Card Burschen, \u00d6RV Jugend-Card M\u00e4dchen<\/a><\/li>\n<li><a href=\"http:\/\/www.3koenixcross.at\/?page_id=1834\">Rennen 3 \u2013 Elite\/U23, Amateure, Junioren, Master I, Master II, Master III, Master IV, \u00d6RV Marathon-Card m\u00e4nnlich<\/a><\/li>\n<li><a href=\"http:\/\/www.3koenixcross.at\/?page_id=1850\">Rennen 4 \u2013 U17, Frauen\/Juniorinnen, Frauen-Master I, \u00d6RV Marathon-Card weiblich<\/a><\/li>\n<\/ul>\n","protected":false},"excerpt":{"rendered":"<p>&nbsp; Rennen 1 \u2013 Kids Bike Trophy Rennen 2 \u2013 U15, U13, M\u00e4dchen U17, M\u00e4dchen U14, \u00d6RV Jugend-Card Burschen, \u00d6RV Jugend-Card M\u00e4dchen Rennen 3 \u2013 Elite\/U23, Amateure, Junioren, Master I, Master II, Master III, Master IV, \u00d6RV Marathon-Card m\u00e4nnlich Rennen 4 \u2013 U17, Frauen\/Juniorinnen, Frauen-Master I, \u00d6RV Marathon-Card weiblich<\/p>\n<p class=\"continue-reading-button\"> <a class=\"continue-reading-link\" href=\"https:\/\/www.3koenixcross.at\/?page_id=1717\">Continue reading<i class=\"crycon-right-dir\"><\/i><\/a><\/p>\n","protected":false},"author":1,"featured_media":0,"parent":770,"menu_order":0,"comment_status":"closed","ping_status":"closed","template":"","meta":{"footnotes":""},"class_list":["post-1717","page","type-page","status-publish","hentry"],"_links":{"self":[{"href":"https:\/\/www.3koenixcross.at\/index.php?rest_route=\/wp\/v2\/pages\/1717","targetHints":{"allow":["GET"]}}],"collection":[{"href":"https:\/\/www.3koenixcross.at\/index.php?rest_route=\/wp\/v2\/pages"}],"about":[{"href":"https:\/\/www.3koenixcross.at\/index.php?rest_route=\/wp\/v2\/types\/page"}],"author":[{"embeddable":true,"href":"https:\/\/www.3koenixcross.at\/index.php?rest_route=\/wp\/v2\/users\/1"}],"replies":[{"embeddable":true,"href":"https:\/\/www.3koenixcross.at\/index.php?rest_route=%2Fwp%2Fv2%2Fcomments&post=1717"}],"version-history":[{"count":5,"href":"https:\/\/www.3koenixcross.at\/index.php?rest_route=\/wp\/v2\/pages\/1717\/revisions"}],"predecessor-version":[{"id":1852,"href":"https:\/\/www.3koenixcross.at\/index.php?rest_route=\/wp\/v2\/pages\/1717\/revisions\/1852"}],"up":[{"embeddable":true,"href":"https:\/\/www.3koenixcross.at\/index.php?rest_route=\/wp\/v2\/pages\/770"}],"wp:attachment":[{"href":"https:\/\/www.3koenixcross.at\/index.php?rest_route=%2Fwp%2Fv2%2Fmedia&parent=1717"}],"curies":[{"name":"wp","href":"https:\/\/api.w.org\/{rel}","templated":true}]}}