{"id":1847,"date":"2019-01-07T12:47:53","date_gmt":"2019-01-07T11:47:53","guid":{"rendered":"http:\/\/www.3koenixcross.at\/?page_id=1847"},"modified":"2019-01-07T12:51:25","modified_gmt":"2019-01-07T11:51:25","slug":"1847-2","status":"publish","type":"page","link":"https:\/\/www.3koenixcross.at\/?page_id=1847","title":{"rendered":"Rennen 2 \u2013 U15, U13, M\u00e4dchen U17, M\u00e4dchen U14, \u00d6RV Jugend-Card Burschen, \u00d6RV Jugend-Card M\u00e4dchen"},"content":{"rendered":"<p>&nbsp;<\/p>\n\n<table id=\"tablepress-22\" class=\"tablepress tablepress-id-22\">\n<thead>\n<tr class=\"row-1\">\n\t<th class=\"column-1\">Platz<\/th><th class=\"column-2\">Startnr.<\/th><th class=\"column-3\">Familienname<\/th><th class=\"column-4\">Vorname<\/th><th class=\"column-5\">Jahrg.<\/th><th class=\"column-6\">Nation<\/th><td class=\"column-7\"><\/td><th class=\"column-8\">Kategorie<\/th><th class=\"column-9\">Verein<\/th><th class=\"column-10\">Zeit<\/th>\n<\/tr>\n<\/thead>\n<tbody class=\"row-hover\">\n<tr class=\"row-2\">\n\t<td class=\"column-1\">1<\/td><td class=\"column-2\">123<\/td><td class=\"column-3\">Preyler<\/td><td class=\"column-4\">Gabriel<\/td><td class=\"column-5\">2006<\/td><td class=\"column-6\">AT<\/td><td class=\"column-7\">m<\/td><td class=\"column-8\">U15<\/td><td class=\"column-9\">ARB\u00d6 RC Steiner Shopping Purgstall<\/td><td class=\"column-10\">20:21<\/td>\n<\/tr>\n<tr class=\"row-3\">\n\t<td class=\"column-1\">2<\/td><td class=\"column-2\">121<\/td><td class=\"column-3\">Denk<\/td><td class=\"column-4\">Rosalie<\/td><td class=\"column-5\">2007<\/td><td class=\"column-6\">AT<\/td><td class=\"column-7\">w<\/td><td class=\"column-8\">U13<\/td><td class=\"column-9\">RadsportUNION St. P\u00f6lten<\/td><td class=\"column-10\"><\/td>\n<\/tr>\n<tr class=\"row-4\">\n\t<td class=\"column-1\">3<\/td><td class=\"column-2\">120<\/td><td class=\"column-3\">Denk<\/td><td class=\"column-4\">Leonhard<\/td><td class=\"column-5\">2007<\/td><td class=\"column-6\">AT<\/td><td class=\"column-7\">m<\/td><td class=\"column-8\">U13<\/td><td class=\"column-9\">RadsportUNION St. P\u00f6lten<\/td><td class=\"column-10\"><\/td>\n<\/tr>\n<tr class=\"row-5\">\n\t<td class=\"column-1\">4<\/td><td class=\"column-2\">122<\/td><td class=\"column-3\">Sturmlechner<\/td><td class=\"column-4\">Clarissa<\/td><td class=\"column-5\">2005<\/td><td class=\"column-6\">AT<\/td><td class=\"column-7\">w<\/td><td class=\"column-8\">U17<\/td><td class=\"column-9\">ARB\u00d6 RC Steiner Shopping Purgstall<\/td><td class=\"column-10\"><\/td>\n<\/tr>\n<\/tbody>\n<\/table>\n<!-- #tablepress-22 from cache -->\n","protected":false},"excerpt":{"rendered":"<p>&nbsp;<\/p>\n<p class=\"continue-reading-button\"> <a class=\"continue-reading-link\" href=\"https:\/\/www.3koenixcross.at\/?page_id=1847\">Continue reading<i class=\"crycon-right-dir\"><\/i><\/a><\/p>\n","protected":false},"author":1,"featured_media":0,"parent":1717,"menu_order":0,"comment_status":"closed","ping_status":"closed","template":"templates\/template-onecolumn.php","meta":{"footnotes":""},"class_list":["post-1847","page","type-page","status-publish","hentry"],"_links":{"self":[{"href":"https:\/\/www.3koenixcross.at\/index.php?rest_route=\/wp\/v2\/pages\/1847","targetHints":{"allow":["GET"]}}],"collection":[{"href":"https:\/\/www.3koenixcross.at\/index.php?rest_route=\/wp\/v2\/pages"}],"about":[{"href":"https:\/\/www.3koenixcross.at\/index.php?rest_route=\/wp\/v2\/types\/page"}],"author":[{"embeddable":true,"href":"https:\/\/www.3koenixcross.at\/index.php?rest_route=\/wp\/v2\/users\/1"}],"replies":[{"embeddable":true,"href":"https:\/\/www.3koenixcross.at\/index.php?rest_route=%2Fwp%2Fv2%2Fcomments&post=1847"}],"version-history":[{"count":3,"href":"https:\/\/www.3koenixcross.at\/index.php?rest_route=\/wp\/v2\/pages\/1847\/revisions"}],"predecessor-version":[{"id":1855,"href":"https:\/\/www.3koenixcross.at\/index.php?rest_route=\/wp\/v2\/pages\/1847\/revisions\/1855"}],"up":[{"embeddable":true,"href":"https:\/\/www.3koenixcross.at\/index.php?rest_route=\/wp\/v2\/pages\/1717"}],"wp:attachment":[{"href":"https:\/\/www.3koenixcross.at\/index.php?rest_route=%2Fwp%2Fv2%2Fmedia&parent=1847"}],"curies":[{"name":"wp","href":"https:\/\/api.w.org\/{rel}","templated":true}]}}