{"id":78,"date":"2014-10-30T09:42:19","date_gmt":"2014-10-30T08:42:19","guid":{"rendered":"http:\/\/www.3koenixcross.at\/?page_id=78"},"modified":"2026-01-05T16:06:25","modified_gmt":"2026-01-05T15:06:25","slug":"anmeldung","status":"publish","type":"page","link":"https:\/\/www.3koenixcross.at\/?page_id=78","title":{"rendered":"Anmeldung"},"content":{"rendered":"<p><img loading=\"lazy\" decoding=\"async\" class=\"alignright size-medium wp-image-261\" src=\"http:\/\/www.3koenixcross.at\/wp-content\/6795985857-300x199.jpg\" alt=\"_6795985857\" width=\"300\" height=\"199\" srcset=\"https:\/\/www.3koenixcross.at\/wp-content\/6795985857-300x199.jpg 300w, https:\/\/www.3koenixcross.at\/wp-content\/6795985857-225x150.jpg 225w, https:\/\/www.3koenixcross.at\/wp-content\/6795985857-150x99.jpg 150w, https:\/\/www.3koenixcross.at\/wp-content\/6795985857.jpg 800w\" sizes=\"auto, (max-width: 300px) 100vw, 300px\" \/><\/p>\n<ul>\n<li>Nennschluss Sa, 3.1.2026<br \/>\nausgenommen Kids Bike Trophy<\/li>\n<li>Nenngeb\u00fchr muss ausschlie\u00dflich \u00fcberwiesen werden. Kontodaten werden nach der Anmeldung per Mail gesendet.<\/li>\n<li>Startnummernausgabe am Renntag ab 9:00 bei der <a href=\"https:\/\/maps.app.goo.gl\/euyQrgMZXnJVKieW7\" target=\"_blank\" rel=\"noopener\">Fa. Gruber Transport &amp; Logistik<\/a><\/li>\n<li>bitte ausschlie\u00dflich Parkpl\u00e4tze bei der Fa. Gruber ben\u00fctzen<\/li>\n<li>Nenngeld &#8211; \u00dcberweisung aufs Konto<\/li>\n<li>Kinder: kostenlos<br \/>\nElite, Amateure, Frauen: 26,- \u20ac<br \/>\nCycling Austria Member Card: 26,- \u20ac<br \/>\nMaster: 19,- \u20ac<br \/>\nJuniorenInnen: 19,- \u20ac<br \/>\nU17, U15, U13: 11,- \u20ac<\/li>\n<li><a href=\"https:\/\/cyclingaustria.at\/membercard\" target=\"_blank\" rel=\"noopener\">Cycling Austria Member Card<\/a> (bitte rechtzeitig online beantragen)<\/li>\n<li>Lizenzfahrer nur mit g\u00fcltiger Lizenz f\u00fcr 2026 (siehe <a href=\"https:\/\/cyclingaustria.at\/infocenter\/lizenzabfrage?view=lizenznehmer\" target=\"_blank\" rel=\"noopener noreferrer\">\u00d6RV Lizenzen<\/a>), gilt ebenso f\u00fcr die Betreuer in der Wechselzone<\/li>\n<\/ul>\n<h4>Onlineanmeldung &#8211; ab 01.12.2025 m\u00f6glich<\/h4>\n<ul>\n<li><a href=\"https:\/\/www.computerauswertung.at\/veranstaltung.php?V_ID=260106&amp;lang=de\" target=\"_blank\" rel=\"noopener\">Onlineanmeldung 3K\u00f6niXcrosS 06.01.2026<\/a> (bis 3.1.2026 &#8211; 24:00)<br \/>\nNachnennung vor Ort m\u00f6glich<\/li>\n<li>Onlineanmeldung Kinderrennen 06.01.2026 (geschlossen)<br \/>\nNachnennung vor Ort m\u00f6glich<\/li>\n<\/ul>\n<h4>Leistungen:<\/h4>\n<ul>\n<li>abgesperrte <a title=\"die Strecke\" href=\"http:\/\/www.3koenixcross.at\/?page_id=57\">Rennstrecke<\/a><br \/>\n<img loading=\"lazy\" decoding=\"async\" class=\"alignright size-medium wp-image-262\" src=\"http:\/\/www.3koenixcross.at\/wp-content\/DSC9656-300x199.jpg\" alt=\"_DSC9656\" width=\"300\" height=\"199\" srcset=\"https:\/\/www.3koenixcross.at\/wp-content\/DSC9656-300x199.jpg 300w, https:\/\/www.3koenixcross.at\/wp-content\/DSC9656-225x150.jpg 225w, https:\/\/www.3koenixcross.at\/wp-content\/DSC9656-150x99.jpg 150w, https:\/\/www.3koenixcross.at\/wp-content\/DSC9656.jpg 800w\" sizes=\"auto, (max-width: 300px) 100vw, 300px\" \/><\/li>\n<li>medizinische Notversorgung<\/li>\n<li><a title=\"Ergebnisse 2015\" href=\"https:\/\/www.3koenixcross.at\/?page_id=770\">Online Ergebnisse<\/a><\/li>\n<\/ul>\n","protected":false},"excerpt":{"rendered":"<p>Nennschluss Sa, 3.1.2026 ausgenommen Kids Bike Trophy Nenngeb\u00fchr muss ausschlie\u00dflich \u00fcberwiesen werden. Kontodaten werden nach der Anmeldung per Mail gesendet. Startnummernausgabe am Renntag ab 9:00 bei der Fa. Gruber Transport &amp; Logistik bitte ausschlie\u00dflich Parkpl\u00e4tze bei der Fa. Gruber ben\u00fctzen Nenngeld &#8211; \u00dcberweisung aufs Konto Kinder: kostenlos Elite, Amateure, Frauen:\u2026<\/p>\n<p class=\"continue-reading-button\"> <a class=\"continue-reading-link\" href=\"https:\/\/www.3koenixcross.at\/?page_id=78\">Continue reading<i class=\"crycon-right-dir\"><\/i><\/a><\/p>\n","protected":false},"author":1,"featured_media":0,"parent":0,"menu_order":0,"comment_status":"closed","ping_status":"closed","template":"","meta":{"footnotes":""},"class_list":["post-78","page","type-page","status-publish","hentry"],"_links":{"self":[{"href":"https:\/\/www.3koenixcross.at\/index.php?rest_route=\/wp\/v2\/pages\/78","targetHints":{"allow":["GET"]}}],"collection":[{"href":"https:\/\/www.3koenixcross.at\/index.php?rest_route=\/wp\/v2\/pages"}],"about":[{"href":"https:\/\/www.3koenixcross.at\/index.php?rest_route=\/wp\/v2\/types\/page"}],"author":[{"embeddable":true,"href":"https:\/\/www.3koenixcross.at\/index.php?rest_route=\/wp\/v2\/users\/1"}],"replies":[{"embeddable":true,"href":"https:\/\/www.3koenixcross.at\/index.php?rest_route=%2Fwp%2Fv2%2Fcomments&post=78"}],"version-history":[{"count":106,"href":"https:\/\/www.3koenixcross.at\/index.php?rest_route=\/wp\/v2\/pages\/78\/revisions"}],"predecessor-version":[{"id":3083,"href":"https:\/\/www.3koenixcross.at\/index.php?rest_route=\/wp\/v2\/pages\/78\/revisions\/3083"}],"wp:attachment":[{"href":"https:\/\/www.3koenixcross.at\/index.php?rest_route=%2Fwp%2Fv2%2Fmedia&parent=78"}],"curies":[{"name":"wp","href":"https:\/\/api.w.org\/{rel}","templated":true}]}}